tive of -29*j**4/24 - 163*j**3/6 + 4*j**2 - 40*j + 10. What is o(-7)?
40
Let j(g) be the second derivative of -g**3/3 + 24*g**2 + 45*g + 1. Give j(17).
14
Let g(c) = 7*c**2 - 44*c + 51. Let z(u) = 2*u + 5. Let q(y) = g(y) - 8*z(y). Determine q(8).
-21
Let w(x) = x**3 + 14*x**2 - 13*x + 28. Let n be ((-438)/(-365))/((8/(-50))/2). Let c be w(n). Let m(v) = 5*v**2 + 0*v + 3 + 5*v - v. What is m(c)?
15
Let r(a) = 12*a + 165. Let g(d) = 22*d**2 - 37*d - 28. Let j be g(2). Calculate r(j).
-3
Let s(n) = 2*n**3 - 10*n**2 - 3*n + 1. Let r = 21 - 14. Let g(t) = 5*t**3 - 21*t**2 - 7*t + 1. Let l = -1186 + 1183. Let a(c) = l*g(c) + r*s(c). Give a(-7).
4
Let g be 597/9 + 7/(-21) - -3. Let h(i) = -1 - g*i**2 - 64*i**2 + 129*i**2 + 3*i + 4. Give h(-2).
-19
Let f(n) = -n**2 + 4*n + 7. Let a(x) = -x**2 + 31*x - 233. Let p be a(16). Calculate f(p).
-14
Let i(f) = 9*f**2 - 3*f - 3. Let w(j) = j**2 - 1. Let a(l) = i(l) - 5*w(l). Let q be 0 + 244/((-9)/(-9)). Let b = 246 - q. Determine a(b).
12
Let s(k) = 27*k - 239. Let d be s(9). Let h(u) be the third derivative of -1/3*u**3 - 1/60*u**5 + 10*u**2 - 1/6*u**d + 0*u + 0. Determine h(-3).
1
Let o(i) be the third derivative of -i**6/3 - i**5/30 + i**4/8 - i**3/6 - 5577*i**2. What is o(1)?
-40
Suppose -3*p + 31*d - 15 = 28*d, 0 = 3*p + 2*d + 30. Let l(q) = -3*q**2 - 26*q - 2. What is l(p)?
14
Let v(c) = 86 - 41 - 10*c + 114 - 7. Calculate v(15).
2
Let w(g) = -5*g**2 + 66*g - 18. Let f be w(13). Let q(x) = -x**2 - x + 17. Give q(f).
-3
Suppose -5*d = -4*k + 3 - 28, -k + 2 = -4*d. Let h(n) = 26*n + 269. What is h(k)?
9
Let l(c) be the second derivative of -5*c**3/6 + 163*c**2/2 - 3*c + 3049. Calculate l(32).
3
Let k(u) = 3*u - 84. Let a(t) = 47*t - 1008. Let g(i) = 2*a(i) - 25*k(i). Give g(-4).
8
Let h be 65/(130/12) - 2/(-2). Let o(f) = f**3 - 6*f**2 - 7*f + 23. What is o(h)?
23
Let y(d) be the third derivative of -d**4/8 + 61*d**3/6 - 2672*d**2. Determine y(19).
4
Let o(i) be the third derivative of 0*i + 1 - 1/60*i**5 - 2*i**3 + 3/8*i**4 - 8*i**2. Calculate o(7).
2
Let w(t) = 50*t - 28. Let h(l) = 12*l - 7. Let s(u) = 9*h(u) - 2*w(u). Let q(v) = -3*v + 3. Let k(r) = 9*q(r) + 4*s(r). Determine k(-2).
-11
Suppose -5*f + 13 - 1 = 2*m, -m = 4*f - 9. Let y(b) = -86*b - 1. Give y(m).
-87
Suppose 61*c + 516 + 648 - 127 = 0. Let k(a) = -a - 14. Let r(b) = -1. Let d(p) = -k(p) - r(p). Calculate d(c).
-2
Let j(i) = -i**2 + 6*i + 1. Let n be j(5). Let q(f) = 7*f - 2*f - 4*f + n. Let z be (2 - 1 - 1)/1. Give q(z).
6
Let a(t) = t**3 - 7*t**2 - 8*t - 4. Let b be (6 - 92/12)*-21. Let s be (-4)/10 + 189/b + 3. Determine a(s).
-4
Let p(t) = -3 - 154*t + 6 + 153*t. Let l = -31 + 77. Let d = 51 - l. Determine p(d).
-2
Let d(q) = 3*q + 8. Let y be -2*(-4)/(-8)*0. Let c(l) = 2*l. Let n be c(y). Suppose g + 30 = -4*g - 4*i, 4*g + 4*i + 24 = n. What is d(g)?
-10
Let u(h) = 2*h**2 + h**3 + 8*h + 6*h**2 + 9 - 2*h**2. Suppose 4*r = 4*r - 2*r - 12. Give u(r).
-39
Let r(i) = i**3 - i**2 - 4*i + 2. Let l be (-3219)/(-870) + 3/10. Determine r(l).
34
Let l(u) be the first derivative of u**2 - 4*u - 1. Let w = 337 + -240. Let z = -100 + w. Give l(z).
-10
Let w(f) = 9 - 4 + 34 + 13 + 11 + f**2 + 36*f. Give w(-34).
-5
Let t = 1846 + -1850. Let b(v) = -v**3 - v**2. Let s(z) = -7*z**3 - 7*z**2 + 5*z + 3. Let o(h) = -6*b(h) + s(h). Calculate o(t).
31
Let c be 0 + 1 - (-72)/1. Let l = 134 - c. Let a = -62 + l. Let r(x) = 9*x**2 + 2*x + 1. What is r(a)?
8
Let x(j) be the third derivative of 0*j**3 + 0*j + 0 - 21*j**2 - 1/8*j**4 - 1/120*j**6 - 1/60*j**5. Suppose 3*i + 5 - 2 = 2*b, -2*b = -5*i - 9. Give x(i).
27
Let g(y) = 11*y**2 + 4*y + 3. Suppose 0 = -5*w + 19 - 4, 2*a + w = 1. Calculate g(a).
10
Let u(x) = -626 - 630 - 639 - 6*x + 1904. Give u(0).
9
Let y(w) = -9*w + 234*w**2 - w**3 - 463*w**2 + 239*w**2 - 41 + 39. Calculate y(8).
54
Let s(o) be the third derivative of -19*o**4/24 - 61*o**3/6 - 2*o**2 + 1023. Calculate s(-2).
-23
Let b(w) be the first derivative of -w**3/2 - 21*w - 18. Let x(m) be the first derivative of b(m). Suppose 0 = 2*v - 3*f - 12, 9 = -4*f + 1. Calculate x(v).
-9
Suppose -7 + 2 = 5*f. Suppose 0 = -5*v - v. Let b(t) = -11 + v*t**3 - t**3 + 12. Determine b(f).
2
Let t be 7 + 48/(4 + -8). Let u(n) = -n**3 + 8*n**2 + 15*n + 4. Let h(k) = -2*k**3 + 16*k**2 + 33*k + 9. Let v(s) = t*u(s) + 2*h(s). Give v(9).
-2
Let h be (-4 - -6) + -3 + 3. Let d(g) = -10*g. Let t(v) = -30*v. Let w(m) = 4*m**3 + m**2 + 5*m + 3. Let r be w(-1). Let s(z) = r*t(z) + 14*d(z). Give s(h).
20
Let f(i) = -18*i**3 + 3*i - 2*i - 12*i**3 + 51*i**3 + 38 - 22*i**3. What is f(0)?
38
Suppose -115*d + 140 = -185*d. Let f(y) = -4*y**2 + 1. Let c be (-132)/16 - 2/(-8). Let l(p) = 11*p**2 - 3. Let n(g) = c*f(g) - 3*l(g). Determine n(d).
-3
Let w(j) = -j**2 + 10*j - 4. Let k be (-126)/12 + (-5)/(-10). Let d be 180/22 - ((-972)/99 - k). Calculate w(d).
12
Let x(q) = -133 - 133 + 288 + q. Calculate x(-21).
1
Let o = 78 + -133. Let n = o + 57. Let s(j) = 0*j**3 + 4*j - 6*j - 2*j**3 + 2*j**n. What is s(2)?
-12
Suppose -5*h + 11 = -2*u, -2*h + 2*u + 5 = h. Let o(a) be the third derivative of a**5/60 - 5*a**4/24 + a**3/2 - 2*a**2 + 4743*a. Give o(h).
-3
Let u(x) = 63593*x - 3*x**2 - 2*x**2 - 6*x**2 - 63586*x + 20 + x**3. Give u(10).
-10
Let m(f) = -109*f - 866. Let t(c) = 5*c**3 - 3*c - 8. Let o be t(0). Determine m(o).
6
Let z(h) be the third derivative of -90*h**2 + 4/3*h**3 + 7/24*h**4 + 0*h - 1/60*h**5 + 0. Give z(8).
0
Let h(f) be the first derivative of -3*f**2/2 - 5*f + 2748. Suppose -5*u + 62 = 2*p, u + 5*p = -0*u + 17. Let v = u + -19. Give h(v).
16
Let h(t) be the first derivative of -t**6/360 + t**5/12 + 7*t**4/24 + 7*t**3/3 + 4*t**2 - 48. Let k(b) be the third derivative of h(b). What is k(10)?
7
Let w = -169 - -115. Let n = 60 + w. Let i(b) = -4*b + n*b + 14 - b. What is i(-8)?
6
Let p(w) be the third derivative of -7*w**4/12 - 35*w**3/6 + 2*w**2 - 1452*w. Determine p(-3).
7
Let g(q) = -9*q**2 - 13*q - 23. Let b(t) = -5*t**2 - 8*t - 13. Let n(o) = 11*b(o) - 6*g(o). What is n(0)?
-5
Let d(s) = -1360*s + 8 - 5*s**2 - 1383*s - 28*s**2 + 8*s**2 + 2816*s. Calculate d(3).
2
Let c(t) = t**2 + t. Let z(q) = q**3 + 2*q**2 + 1. Let l be z(0). Let o = l + -1. Let y be -3*(-2)/(-4 + -2)*o. Determine c(y).
0
Let h be (-751)/(-7) - (-1)/((-28)/8). Suppose -12*k = -83 + h. Let v(o) = 3*o + 3. Let f(z) = 6*z + 6. Let c(a) = -4*f(a) + 7*v(a). What is c(k)?
3
Let t(z) = z**3 + 8*z**2 - 11*z - 13. Let y be 15/30 - (-9)/2. Suppose -y*g = -391 + 66. Let v = 56 - g. Give t(v).
5
Let d(x) = -4*x + 9. Let a = 68 + -61. Let j be 2*a/(-14) + (-9 - -1). Determine d(j).
45
Let t(o) = -5*o**3 + 5*o**2 - 3*o - 8. Let g be 6*(-3)/(54/12). Let i(n) = -14*n**3 + 15*n**2 - 9*n - 22. Let f(s) = g*i(s) + 11*t(s). What is f(3)?
-9
Let u = -8721 + 8717. Let c(j) = -j**2 - 7*j - 20. Calculate c(u).
-8
Let y(f) = 2*f + 4. Let w(a) = -a + 7. Let g(n) = -87*n + 356. Let r(o) = g(o) - 3*w(o). Let l be r(4). Give y(l).
2
Let v(x) = -62*x**3 + 8*x + 2 - 6*x - 4 - 2*x**2 + 17*x**3. Give v(1).
-47
Let w(q) = -17237 - q**2 + 8603 + 8620. Let g(a) = 9*a**2 + 3*a. Let o(l) = 13*l**2 + 5*l. Let f(n) = 7*g(n) - 5*o(n). Let t be f(-2). What is w(t)?
-14
Let v = 1437 + -1430. Let c(j) = 5*j**2 - 2*j**3 + 10*j - 1 - j**3 + j**2 - 10 + 2*j**3. Calculate c(v).
10
Let i(j) = 2*j**3 + 27*j**2 + 14*j + 16. Let z be i(-13). Let t(q) = -q + 2*q + 2 - 7*q. Calculate t(z).
-16
Let c(h) = 5*h**3 - 6*h**2 - 6*h + 88. Let a(b) = -3*b**3 + 3*b**2 + 3*b - 50. Let u(r) = -7*a(r) - 4*c(r). Give u(-3).
-11
Let o(n) = n**3 + 7*n**2 + 6*n + 9. Let r be o(-6). Let x be (-4)/22 + 890/55. Let k = x - r. Let y(a) = a**3 - 6*a**2 - 5*a - 3. Give y(k).
11
Suppose 3*w = 7*w. Suppose 3*x + 8*x - 4*x = w. Let j(n) = 3*n - 3 - 6*n + 0*n + x*n. Calculate j(-5).
12
Let d(i) = -14*i**3 + 17*i**2 - 19*i - 123. Let o(w) = 3*w**3 - 4*w**2 + 4*w + 31. Let t(v) = 2*d(v) + 9*o(v). Determine t(0).
33
Let f be 11/5 - 692/(-865). Let v(k) be the first derivative of 8 - 1/2*k**2 - f*k. Determine v(-6).
3
Let f(q) = -3*q**3 + q**2 + 6*q + 13. Suppose 3*j + 7 = 2*d + 8, -3*d + 4*j - 4 = 0. Let k(x) = -2*x**3 + 4*x + 9. Let c(m) = d*k(m) + 5*f(m). Determine c(-5).
3
Let p be -3*(-10)/6 - (2 - -1). Suppose 5 - 9 = -p*y. Let x(c) = 12*c**3 - 2 - y*c**3 - 9*c**3 